e highest common factor of 45 and c?
9
Let g(u) = -u**3 + 6*u**2 + u + 6. Let l be g(6). Calculate the highest common factor of l and 36.
12
Suppose -j + 21 = 2*j + 2*o, 2*j - 4*o + 2 = 0. Let n = 9 - 7. What is the greatest common divisor of n and j?
1
Let c be 3/(15/4)*40. Let y = c + -18. Calculate the greatest common factor of 28 and y.
14
Suppose 0 = 4*q + 7*j - 2*j - 81, 3*q + 4*j = 62. What is the greatest common factor of 70 and q?
14
Suppose 4*s - 104 = -3*b - b, 5*b - 80 = -3*s. Calculate the greatest common factor of s and 275.
25
Suppose -3*h + 8*h = -30. Let q(o) = -o**2 + 4*o. Let z be q(6). Let b = h - z. Calculate the highest common divisor of 6 and b.
6
Suppose 2*d - 129 = 281. Calculate the highest common divisor of d and 41.
41
Suppose -3*l + 5*l = 264. Suppose -5*b + l = -b. What is the greatest common factor of b and 11?
11
Suppose -4*f - 10 = 2*b, 5*b - 5*f = 1 + 49. Calculate the highest common divisor of 35 and b.
5
Let q be ((-4 - 0) + -14)/(-2). What is the highest common divisor of q and 6?
3
Suppose 2*a - 39 = 3*m + 2*m, a + 5*m = -3. Let y be a*(8*-1)/(-2). Let g(b) = -4*b - 2. Let c be g(-2). What is the highest common factor of c and y?
6
Let b(g) = 3*g - 38. Let n be b(17). Calculate the greatest common factor of n and 91.
13
Let p be ((-6)/(-15))/(2/40*-2). Let a = -1 - 4. Let h be (a + 26)*p/(-3). What is the greatest common divisor of h and 14?
14
Let s = 18 - 9. Let z(c) = -c**2 + 11*c - 7. Let l be z(s). Suppose -3*m + 13 = -l. What is the greatest common factor of m and 4?
4
Let x(j) = -4*j. Let r be x(-1). Suppose l + 267 = 2*k - 2*l, 0 = -r*k - 3*l + 525. What is the greatest common divisor of k and 12?
12
Let q be (-6)/(-9)*3 + 15. Let o(a) = 17*a. Let c be o(1). What is the highest common divisor of q and c?
17
Suppose 4*v + 30 = 150. What is the greatest common divisor of 15 and v?
15
Let u = -76 + 46. Let a be (12/(-15))/(4/u). Let k = a - 2. What is the greatest common divisor of k and 4?
4
Let q be 6/27 + (-352)/(-36). Let v be (-54)/(-1) + -2 + -2. What is the greatest common divisor of q and v?
10
Let k(d) = -d**2 - 6*d - 5. Let y be k(-4). Suppose 0 = -4*s - 6*w + w + 93, y*s + w - 67 = 0. What is the highest common factor of s and 55?
11
Let a be ((-39)/(-26))/((-3)/(-32)). Suppose 0*x - 32 = -2*x. Calculate the greatest common factor of a and x.
16
Let k(b) = 6*b - 7. Let r(c) = 13*c - 15. Let h(j) = -9*k(j) + 4*r(j). Let i be h(-4). Calculate the greatest common factor of 121 and i.
11
Let f = 19 + -4. Let n(s) = -s + 8. Let q be n(8). Suppose -4*x = -q*x - 5*i - 145, 0 = -x + 2*i + 40. Calculate the greatest common divisor of x and f.
15
Let n(p) = 3*p**2 + 3*p - 5. Let s be n(4). Suppose -16*m = -15*m - 22. Calculate the greatest common factor of s and m.
11
Suppose d = 6 - 2. Suppose 0 = -0*y - d*y + 28. Suppose 2*a = y*a - 125. Calculate the highest common factor of a and 5.
5
Suppose 3*n = -2*d + 41, -86 = 4*d - 8*d - 2*n. What is the highest common factor of 2 and d?
2
Suppose 0 = 2*h - 4*p - 20, 4*h - 5*p - 19 = 24. Calculate the greatest common factor of 108 and h.
12
Suppose 0 = -k - 2, -k + 8 = 4*l - 3*l. What is the greatest common divisor of l and 70?
10
Suppose 28 = 3*u - u. What is the greatest common divisor of u and 21?
7
Let j be -3*6/(-27)*-6. Let b = j - -11. Suppose -4*s = -221 - b. What is the highest common factor of 19 and s?
19
Let u(l) = 4*l - 1. Let f be u(1). Suppose 4*s = 4, -2*w + f*s + 6 = -1. Calculate the greatest common divisor of 10 and w.
5
Suppose -4*i = -0*i - 256. Let q(p) = -p**3 - 7*p**2 - 8*p + 4. Let a be q(-6). Calculate the greatest common divisor of a and i.
16
Suppose -4*q - 5*x + 1 = 3, -4 = 2*x. Let n(o) = 12*o**2 - 3*o**2 + q*o**2 + 1. Let k be n(1). Calculate the greatest common factor of k and 12.
12
Let u = 573 + -266. Suppose 5*d - 3 = -13, 0 = -5*s - 4*d + u. Calculate the highest common divisor of 42 and s.
21
Let x(b) = 2*b - 7. Let l be x(5). Suppose -4*s + 224 = 2*w, w + s = 6*w - 505. Suppose 0*q = l*q - w. What is the greatest common divisor of q and 85?
17
Let t(q) = q**2 - 2*q - 7. Let j = 5 + 0. Let u be t(j). Let y be (-1 + 12)*24/3. What is the highest common divisor of u and y?
8
Let d be -2 + -41 + (-1 - 0). Let m = d + 31. Let k = m + 20. What is the highest common divisor of 56 and k?
7
Let c(i) = 2*i + 3 - 2 - 1 + 18*i**2. Let h be c(2). Calculate the highest common factor of 19 and h.
19
Let m be 6/(-5)*(110 + -10). Let d be m/9*(-3)/2. Calculate the highest common divisor of 20 and d.
20
Let n = 8 + -6. Suppose 5 - 15 = -3*z + n*i, i - 4 = 0. What is the highest common divisor of 15 and z?
3
Let c be (-3 - (-120)/9)*3. Calculate the highest common divisor of 93 and c.
31
Suppose -3*o + 71 = 2*b, -4*b + 107 = 2*o - 47. Let a be (-1 + 0)/((-1)/2). Suppose -7*x + b = -a*x. Calculate the greatest common factor of x and 8.
8
Let x = -36 + 56. Calculate the highest common divisor of 30 and x.
10
Suppose 5*l + 10 = 0, c - 68 = -3*c - 2*l. Let o be ((-36)/(-10))/(1/20). What is the highest common divisor of o and c?
18
Let q(s) = 1 - 68*s + 2 + 65*s. Let t be q(-4). What is the greatest common factor of 60 and t?
15
Let m(z) = -z**2 + 14*z + 1. Let c be m(11). Suppose 5*o = -0 + 85. Calculate the greatest common factor of o and c.
17
Let b(t) = -t - 2. Let q be b(-8). Let x be 4/6 - (-56)/q. What is the greatest common factor of x and 80?
10
Let q(v) = v**3 + 3*v**2 - 2. Let t be q(-2). Let d = -8 - -11. Suppose f + d*f - 8 = 0. What is the highest common factor of t and f?
2
Let y(i) = 4*i**2 + 2*i. Let v be y(4). Suppose -7*z = 21 - 77. Calculate the greatest common factor of v and z.
8
Let n be 6/2 - 0 - 0. Suppose -280 = -5*h - 4*y, 4*h - n*y + 137 = 392. Let r be ((-192)/(-56))/((-1)/(-7)). Calculate the greatest common divisor of r and h.
12
Let q = 96 - 44. What is the highest common factor of q and 26?
26
Let m be (20/3)/((80/216)/10). Calculate the greatest common factor of 45 and m.
45
Suppose 7 = 5*i - 3. What is the greatest common factor of i and 2?
2
Suppose -5*k = -k - 60. Let f be ((-8)/12)/((-2)/k). Let q = f + 5. What is the greatest common divisor of q and 4?
2
Suppose 0 = -f - f + 48. Let m be (1 - (2 + 0))*-216. Calculate the highest common divisor of m and f.
24
Let i(u) = u**3 + 10*u**2 + 8*u + 12. Let c be i(-9). Let f = -5 + c. Calculate the highest common factor of 4 and f.
4
Let b be 78 - (99/45 + (-2)/10). What is the highest common divisor of b and 57?
19
Suppose -y + 23 = -2. Suppose 0 = -x - 3*d + 16, 5*x - y = x + d. Calculate the greatest common divisor of 7 and x.
7
Suppose 3*g = 36 - 6. Let b = 1 + g. What is the greatest common factor of 11 and b?
11
Let j = 378 + -222. Let l be (-2)/(2 - j/77). Calculate the highest common divisor of 7 and l.
7
Suppose 3*j - 8 = -2. What is the greatest common factor of j and 3?
1
Let x be (-17)/(-1) + (-6)/3. What is the highest common factor of x and 105?
15
Suppose -4*k + 22 = l, -2*l + 14 = -k + 3*k. What is the highest common factor of k and 85?
5
Let b be (-3 - -4) + 236/4. What is the greatest common divisor of b and 15?
15
Let w(v) be the third derivative of v**6/30 - v**4/24 - 5*v**2. Let g be w(2). What is the highest common divisor of 10 and g?
10
Suppose 5*o + 5*w - 80 = 90, -3*w = -9. Let p(b) = -b**2 + 2*b - 6. Let f be p(4). Let k = f + o. What is the greatest common divisor of 17 and k?
17
Suppose 3*u + 2*f - 58 = 0, 5*u - 51 = -2*f + 43. Let z be 27/u + 3/2. What is the highest common factor of 12 and z?
3
Let g = -49 + 81. Let b(u) = u**2 - 12*u + 12. Let z be b(10). Let d be 16/(-3)*12/z. What is the greatest common divisor of d and g?
8
Let w = 30 + 0. Let n be (1 - -6) + -2*1. Suppose -33 = -n*p - 4*c, p - 2*c = 4 - 3. What is the highest common factor of p and w?
5
Let r be 10*((-16)/(-5) - 0). Calculate the highest common divisor of r and 56.
8
Suppose -5*o + 55 = 5*d, -8*d + 3*d = -o - 7. What is the highest common factor of o and 4?
4
Let c be 0/(-2) - (-196)/2. Suppose -c = -5*v - 18. Suppose 0 = 2*a + 3*a - 200. Calculate the highest common factor of a and v.
8
Let h = 354 - 218. Calculate the greatest common divisor of 34 and h.
34
Suppose 4*p + 5*k - 190 = 0, 3*k - 244 = -5*p - 0*k. Let j = 57 - 93. Let y = j + p. What is the 